oes 552 divide 2299437?
False
Does 8 divide 2754990?
False
Does 54 divide 288028?
False
Does 46 divide 746520?
False
Is 20 a factor of 194000?
True
Is 9 a factor of 2658988?
False
Is 1624030 a multiple of 1058?
True
Is 690 a factor of 101529?
False
Is 10695423 a multiple of 373?
False
Is 21 a factor of 438312?
True
Does 11 divide 455719?
True
Does 459 divide 50031?
True
Is 346 a factor of 86815?
False
Does 41 divide 897610?
False
Is 1083430 a multiple of 32?
False
Does 968 divide 1308736?
True
Does 774 divide 6076037?
False
Is 42644 a multiple of 7?
True
Is 431494 a multiple of 343?
True
Does 19 divide 103854?
True
Is 130 a factor of 9455413?
False
Is 22 a factor of 65934?
True
Is 353458 a multiple of 8?
False
Does 19 divide 516441?
False
Does 23 divide 15253824?
False
Is 7 a factor of 2259180?
True
Does 8 divide 2627656?
True
Is 104240 a multiple of 80?
True
Is 47 a factor of 23505369?
False
Is 74052 a multiple of 11?
True
Is 912867 a multiple of 291?
True
Is 3 a factor of 784494?
True
Does 11 divide 24511?
False
Is 54 a factor of 307314?
True
Is 9 a factor of 153954?
True
Does 11 divide 26284577?
True
Is 324 a factor of 11078208?
True
Is 134 a factor of 11701?
False
Is 53 a factor of 20829?
True
Does 568 divide 278320?
True
Is 241369 a multiple of 14?
False
Is 513290 a multiple of 921?
False
Is 43489 a multiple of 274?
False
Does 8 divide 440938?
False
Is 3 a factor of 66780?
True
Is 12 a factor of 476481?
False
Is 164 a factor of 1307900?
True
Is 1722008 a multiple of 32?
False
Does 147 divide 155486?
False
Does 220 divide 900265?
False
Is 21 a factor of 490980?
True
Does 26 divide 360608?
False
Does 223 divide 1516636?
False
Is 8567 a multiple of 93?
False
Is 263109 a multiple of 21?
True
Is 432 a factor of 296842?
False
Does 29 divide 195576?
True
Is 6817 a multiple of 2?
False
Does 41 divide 2803477?
False
Does 34 divide 594626?
True
Is 2 a factor of 333455?
False
Is 352 a factor of 140096?
True
Is 5 a factor of 392428?
False
Is 185303 a multiple of 238?
False
Does 33 divide 57818?
False
Is 1042 a factor of 997194?
True
Is 32 a factor of 2116858?
False
Is 1169732 a multiple of 313?
False
Is 10 a factor of 1834?
False
Does 907 divide 275728?
True
Is 411791 a multiple of 4?
False
Is 34716 a multiple of 11?
True
Does 18 divide 2091150?
True
Does 116 divide 54314?
False
Does 27 divide 448612?
False
Does 23 divide 3194033?
True
Is 25 a factor of 23275?
True
Does 28 divide 338016?
True
Does 57 divide 935427?
True
Is 18 a factor of 10798121?
False
Is 329600 a multiple of 40?
True
Is 411051 a multiple of 59?
False
Is 4075648 a multiple of 391?
False
Is 3529641 a multiple of 237?
True
Is 30 a factor of 2360801?
False
Does 315 divide 13082580?
True
Is 3429114 a multiple of 78?
True
Does 230 divide 231945?
False
Does 122 divide 221320?
False
Does 13 divide 245674?
True
Is 196 a factor of 254604?
True
Is 284754 a multiple of 6?
True
Does 43 divide 7510638?
True
Is 3 a factor of 1172046?
True
Is 175776 a multiple of 24?
True
Is 168 a factor of 415632?
True
Is 10 a factor of 3112983?
False
Does 8 divide 211904?
True
Does 153 divide 35955?
True
Is 177 a factor of 62320?
False
Is 114 a factor of 2366412?
True
Is 21112 a multiple of 29?
True
Does 30 divide 160500?
True
Is 19 a factor of 101289?
True
Is 60 a factor of 427800?
True
Does 163 divide 25579?
False
Is 3680492 a multiple of 93?
False
Does 47 divide 54520?
True
Is 19 a factor of 43529?
True
Is 775 a factor of 13663250?
True
Does 965 divide 3252910?
False
Is 449 a factor of 542392?
True
Is 4251900 a multiple of 38?
False
Does 73 divide 1411967?
False
Is 12 a factor of 34061?
False
Is 32 a factor of 1479296?
True
Is 124 a factor of 160629?
False
Is 290440 a multiple of 89?
False
Is 121607 a multiple of 91?
False
Does 17 divide 244188?
True
Does 62 divide 30380?
True
Is 225 a factor of 8905950?
True
Is 148 a factor of 1491396?
True
Is 3749735 a multiple of 55?
True
Is 311 a factor of 45384?
False
Is 367 a factor of 196780?
False
Is 3 a factor of 503028?
True
Does 36 divide 40608?
True
Is 16 a factor of 3060048?
True
Does 20 divide 220029?
False
Is 27439116 a multiple of 114?
True
Does 913 divide 791295?
False
Is 38 a factor of 803472?
True
Is 330960 a multiple of 16?
True
Is 795744 a multiple of 16?
True
Is 19116 a multiple of 354?
True
Is 32 a factor of 647766?
False
Is 7 a factor of 121387?
True
Is 11 a factor of 55312?
False
Is 6 a factor of 46404?
True
Is 18625 a multiple of 125?
True
Is 11893373 a multiple of 1639?
False
Is 28 a factor of 12068?
True
Does 10 divide 2545?
False
Is 128142 a multiple of 18?
True
Is 121484 a multiple of 103?
False
Is 3142314 a multiple of 51?
True
Is 85 a factor of 335657?
False
Does 47 divide 6339655?
False
Does 15 divide 483060?
True
Is 8 a factor of 95267?
False
Is 397560 a multiple of 38?
False
Does 5 divide 137633?
False
Does 21 divide 17577?
True
Is 33 a factor of 758604?
True
Does 421 divide 444155?
True
Does 38 divide 1516901?
False
Does 88 divide 1021856?
True
Does 140 divide 7332360?
True
Is 256 a factor of 170240?
True
Is 104 a factor of 25740416?
True
Is 2170243 a multiple of 332?
False
Is 77 a factor of 3714788?
True
Is 16 a factor of 655472?
True
Does 41 divide 1317248?
True
Is 941174 a multiple of 13?
True
Is 239160 a multiple of 30?
True
Is 877437 a multiple of 963?
False
Is 126581 a multiple of 13?
True
Does 991 divide 2253534?
True
Does 2 divide 645824?
True
Is 8 a factor of 1757546?
False
Does 173 divide 14359?
True
Is 105792 a multiple of 8?
True
Is 8 a factor of 5791200?
True
Is 2640960 a multiple of 262?
True
Is 101952 a multiple of 531?
True
Does 315 divide 1968120?
True
Is 20 a factor of 98509?
False
Is 9 a factor of 6215427?
True
Is 55836 a multiple of 23?
False
Is 17885 a multiple of 5?
True
Does 236 divide 1456828?
True
Is 7891686 a multiple of 46?
False
Does 120 divide 62291?
False
Is 237008 a multiple of 5?
False
Does 11 divide 389741?
True
Is 1782840 a multiple of 415?
True
Is 916713 a multiple of 8?
False
Is 41 a factor of 6546347?
True
Is 134376 a multiple of 11?
True
Does 56 divide 155378?
False
Is 44148 a multiple of 52?
True
Does 11 divide 368326?
False
Is 244 a factor of 6339608?
True
Is 380345 a multiple of 106?
False
Does 13 divide 10150273?
False
Is 331767 a multiple of 193?
True
Is 15 a factor of 56207?
False
Does 274 divide 117820?
True
Does 14 divide 931425?
False
Is 29 a factor of 51350?
False
Is 1118432 a multiple of 7?
True
Is 1881264 a multiple of 168?
True
Is 3 a factor of 153929?
False
Is 319 a factor of 257752?
True
Is 3 a factor of 17922?
True
Does 594 divide 2919699?
False
Is 1564394 a multiple of 299?
False
Is 1331 a factor of 18059793?
False
Is 224460 a multiple of 12?
True
Is 68 a factor of 834281?
False
Is 10 a factor of 4231490?
True
Is 10 a factor of 482890?
True
Does 363 divide 576222?
False
Is 509782 a multiple of 26?
True
Is 808511 a multiple of 31?
True
Is 789 a factor of 3431115?
False
Does 19 divide 18151?
False
Is 24 a factor of 15111720?
True
Does 53 divide 7075712?
True
Is 1801860 a multiple of 40?
False
Is 753978 a multiple of 159?
True
Is 127 a factor of 214884?
True
Is 4250 a multiple of 34?
True
Is 386784 a multiple of 9?
True
Does 12 divide 1049124?
True
Is 18 a factor of 16180794?
True
Does 4 divide 23241?
False
Is 4 a factor of 42420?
True
Is 50392 a multiple of 13?
False
Is 443899 a multiple of 183?
False
Is 58 a factor of 366185?
False
Is 957961 a multiple of 11?
False
Does 20 divide 101180?
True
Does 152 divide 167737?
False
Is 6438292 a multiple of 21?
False
Is 119 a factor of 59738?
True
Does 49 divide 131876?
False
Does 140 divide 194599?
False
Is 10 a factor of 80770?
True
Is 11 a factor of 171205?
False
Is 89201 a multiple of 497?
False
Is 9 a factor of 884816?
False
Is 826368 a multiple of 23?
False
Does 6 divide 36402?
True
Is 45 a factor of 319505?
False
Does 5 divide 27971?
False
Is 14678298 a multiple of 38?
True
Is 456 a factor of 515098?
False
Is 223 a factor of 864188?
False
Is 216 a factor of 580176?
True
Is 1197 a factor of 8691925?
False
Does 104 divide 732576?
True
Is 416 a factor of 65388?
False
Does 38 divide 114300?
False
Does 34 divide 536102?
False
Is 4281216 a multiple of 128?
True
Does 30 divide 2797907?
False
Is 9 a factor of 2719?
False
Does 122 divide 228140?